he remainder when 34 is divided by m.
16
Let h = 0 + 0. Let u = 10 + -6. Suppose c = u - h. What is the remainder when 10 is divided by c?
2
Suppose h - 6*h = -410. What is the remainder when h is divided by 21?
19
Let d(s) = s**2 + 4*s - 10. Let m be d(-7). Let r = m - 1. Calculate the remainder when 17 is divided by r.
7
Let b be (-1)/(3 - 62/20). Suppose 22 + b = 4*d. Calculate the remainder when 22 is divided by d.
6
Suppose 2*j + 29 = 5*k, 5*j + 5 - 20 = -5*k. Let x(i) = -i**2 + 8*i - 3. Let s be x(7). Calculate the remainder when k is divided by s/6 - (-14)/6.
2
Let w(r) = 2*r - 15. Let k be w(10). Let l = 11 + k. Calculate the remainder when l is divided by 9.
7
Let w = -2 - -5. Suppose 52 = w*t + 10. Calculate the remainder when 26 is divided by t.
12
Let i = 116 - 108. Calculate the remainder when 20 is divided by i.
4
Let o = 16 + -6. Let f(m) = 7*m**2 + 4*m + 4. Let a be f(-2). Let u = a - -4. What is the remainder when u is divided by o?
8
Suppose -2*i = -3*x + 3 - 21, -4*x = 16. Suppose -4*p + 8 = 2*q, q + p = -i*p. What is the remainder when 22 is divided by q?
6
Suppose -y - 3 + 15 = 0. Let g(s) = s - 1. Let a be g(-6). Let i = a - -29. Calculate the remainder when i is divided by y.
10
Let c(o) = -o**2 - 15*o + 34. Calculate the remainder when 203 is divided by c(-15).
33
Let i = -3 - -8. Suppose -p - 163 = -i*o, 6*o + 4*p - 148 = o. Calculate the remainder when 125 is divided by o.
29
Let r = 4 - -7. What is the remainder when 109 is divided by r?
10
Let a(x) = -20*x + 2. Calculate the remainder when a(-1) is divided by 8.
6
Let b be 2/8 - (-34)/(-8). Let r(u) = -u**3 - 4*u**2 - 4*u - 3. Calculate the remainder when r(b) is divided by 8.
5
Let i = -8 - -10. Suppose -4*c + 8 = -3*c. Suppose 3*s = -4*m - 9, s + 4*s = m + c. What is the remainder when i is divided by s?
0
Suppose 4 = 2*s - 18. Suppose -o + 3 = 1. Suppose -2*q + 23 = 5*l - 15, l = 2*q - o. Calculate the remainder when s is divided by l.
5
What is the remainder when 54 is divided by 30/(8/4) + -4?
10
Suppose -2*k + 38 = -4*s, 4*k - s = 2*s + 76. Calculate the remainder when k is divided by 5.
4
Suppose 5*a = 2*a - 60. Let j = a - -28. Calculate the remainder when 30 is divided by j.
6
Let u(g) = -g**2 - 8*g - 6. Let l be u(-6). Calculate the remainder when (12/(-10))/(l/(-105)) is divided by 11.
10
Let l be 0 + 0 + 1 + 2. Suppose -3*b + 9 = -l. Let m = b + 0. What is the remainder when m is divided by 2?
0
Let i be -2 + 0 - 8/(-2). Suppose f = i + 13. What is the remainder when f is divided by (-56)/(-2)*6/21?
7
Let d(v) = 20*v - 3. Let h be d(-3). Let p = h - -105. What is the remainder when p is divided by 15?
12
What is the remainder when 1156/14 - (152/(-28) + 5) is divided by 14?
13
What is the remainder when (42/(-10))/((-20)/500) is divided by 53?
52
Let t = 15 - 16. Let y(c) = -12*c. Calculate the remainder when 32 is divided by y(t).
8
Suppose 4*g + 12 = 0, 0*s - 4*s + g = -127. Calculate the remainder when s is divided by 8.
7
Suppose 0 = -c + 3 + 10. Let p = 105 - 67. Calculate the remainder when p is divided by c.
12
Suppose 0 = -4*m + 12 + 56. Calculate the remainder when 84 is divided by m.
16
Let t(b) be the second derivative of -7*b**3/2 + 3*b. Calculate the remainder when t(-1) is divided by 11.
10
Suppose 14 = n - 27. What is the remainder when n is divided by 15?
11
Suppose 1 = -4*g + 9. Let w be (-1)/(-3)*(7 + g). Suppose 2*r = -3*a + 27, 0 = 4*r + 2*a + w*a - 51. Calculate the remainder when 17 is divided by r.
8
Suppose 5*h = 11*h - 450. What is the remainder when h is divided by 16?
11
Let r(s) = s - 3. Let f be r(3). Suppose 10 = 3*j - 4*k - 34, -j + 22 = -5*k. What is the remainder when 1 + (21 - f/1) is divided by j?
10
Let h = 4 + -1. Suppose 4*w + 141 = 5*r, -2*w = -h*r + 2*w + 83. What is the remainder when r is divided by 15?
14
Let x(c) = -c**3 + 8*c**2 + c + 9. What is the remainder when x(8) is divided by 9?
8
Suppose 0 = 2*n + 4*x - 86, 0 = -4*x + 7 + 9. What is the remainder when n is divided by 18?
17
Suppose 3*b = -3*k + 22 + 5, 2*b - 16 = -k. Let x = 130 + -118. What is the remainder when x is divided by b?
5
Let y = 3 + -2. Suppose -4*b + 16 = -4. Let z = 6 - b. Calculate the remainder when z is divided by y.
0
Calculate the remainder when 2*5/(30/159) is divided by 28.
25
Let w(k) = k**3 + 6*k**2 + k + 8. Let a be w(-6). Let o be 2 - 48*1/(-1). Suppose 0*h - o = -a*h. What is the remainder when h is divided by 9?
7
Let c(j) = -9*j. Let y be c(-2). Let m = y - 13. Calculate the remainder when (-5 - -8) + 15/3 is divided by m.
3
Let v be 0*3/6*-1. Let c be (2 - 2) + 0 + v. Calculate the remainder when (1 - -6)*(c + 1) is divided by 4.
3
Let t = 6 + -6. Suppose -3*d + 74 = -5*m, -4*d + 0*m - m = -68. Suppose 3*o = -t*o + d. Calculate the remainder when 11 is divided by o.
5
Let p(n) = 44*n - 2. Let i = -5 + 7. Calculate the remainder when p(i) is divided by 22.
20
Let c be 1/3 - 3/9. Suppose c = s - 2*s + 8. What is the remainder when 22 is divided by s?
6
Let a = 245 - 201. What is the remainder when a is divided by (-1)/3 - (-70)/3?
21
Suppose -3*s + 4*c = -18 - 7, -4*c - 36 = -4*s. What is the remainder when 31 is divided by s?
9
Let c = 7 - 12. Let u(r) = 6*r**2 + r - 4. What is the remainder when u(3) is divided by ((-54)/15)/(1/c)?
17
Suppose 0 = -t - z + 15 + 8, 5*t - 107 = -z. Calculate the remainder when 6/(-2 + (-86)/(-40)) is divided by t.
19
Let p = 17 - 13. Calculate the remainder when (2 - -2)/p*55 is divided by 14.
13
Let q = -16 + 27. Let x(o) = o**2 - 9*o + 3. Let u be x(7). Let b(c) = -c**2 - 13*c - 2. Calculate the remainder when b(u) is divided by q.
9
Let w(y) = -6*y**3 + 4*y**2 + y + 7. What is the remainder when w(-3) is divided by 34?
32
Let z = 70 - 62. Calculate the remainder when 12 is divided by z.
4
Let q = -5 - -70. Calculate the remainder when q is divided by 33.
32
Suppose 0 = -4*a - 3*k - 12 + 41, 4*a - 5*k - 69 = 0. What is the remainder when 20 is divided by a?
9
Let a = -2 - -6. Suppose m + 3*m = 8. Calculate the remainder when a is divided by m.
0
Suppose -10 = -4*t + j, 4*j - 5*j - 8 = -3*t. Let w(f) = 10*f**2 - f. What is the remainder when w(t) is divided by 10?
8
Suppose 86*h = 79*h + 70. Calculate the remainder when 17 is divided by h.
7
Let r = 12 + -19. Calculate the remainder when 9*(r/(-3) + -1) is divided by 7.
5
Calculate the remainder when 165 is divided by 759/27 + (-6)/54.
25
Suppose 23 = v - 2*n - 0, -2*n = 2*v - 22. Suppose -t - 2*w + 1 = -7, 3*w = 0. Calculate the remainder when v is divided by t.
7
Let n = 6 - -10. What is the remainder when n is divided by 10?
6
Let o be (-195)/1 + (2 - 3). Calculate the remainder when 22 is divided by 2/(-8) + o/(-16).
10
Let s(i) = -i**2 + 7*i - 2. Let j be s(7). What is the remainder when ((-5)/j + -1)*10 is divided by 6?
3
Suppose -4*m = 149 - 561. Calculate the remainder when m is divided by 18.
13
Let l(d) = 2*d**2 + d - 1. Suppose 4*x - 4*o - 69 - 107 = 0, -2*o = 2*x - 72. What is the remainder when x is divided by l(-3)?
12
Let l(r) = r**2 - 6*r + 9. What is the remainder when l(8) is divided by 14?
11
Let v(d) = -5*d + 2. Let n(r) = 2*r + 2. What is the remainder when v(-5) is divided by n(6)?
13
Let z = 3 + -1. Suppose z*r - 3 - 17 = 0. Calculate the remainder when 28 is divided by r.
8
Suppose 5*o = 4 + 16. Suppose q + 152 = 5*f, 102 + 34 = 4*f + 4*q. Suppose 5*w - 20 = 0, -w + f = o*g - g. Calculate the remainder when 26 is divided by g.
8
Suppose 5*v - 17 = 3, -4*m - v = -20. Suppose -55 = 4*p - 2*n - 183, -2*n - m = 0. Let q(j) = -j**2 - 6*j + 3. What is the remainder when p is divided by q(-4)?
9
Let k = -17 - -28. Let t = 6 + k. Calculate the remainder when 48 is divided by t.
14
Suppose 0 = 2*c - 111 - 35. Calculate the remainder when c is divided by 19.
16
Suppose 10 = y + 5. Suppose -1 = o + 4*b - 3, y*o + b - 86 = 0. What is the remainder when 52 is divided by o?
16
Suppose -17 + 2 = -g. Calculate the remainder when g is divided by 9.
6
Let m(b) = 2*b - 5*b**3 - b**3 + 7*b**3 - 7 - 9*b**2. Calculate the remainder when 32 is divided by m(9).
10
Let t = 34 + -12. Let u(s) = 5*s - 3. Calculate the remainder when t is divided by u(3).
10
Let p = -80 + 128. Calculate the remainder when 190 is divided by p.
46
Suppose -u 